e 7, what is -2 + -365151?
-365153
In base 4, what is 12203321 - -22?
12210003
In base 7, what is 64 + -1660?
-1563
In base 14, what is 76b36 + -7?
76b2d
In base 4, what is 223310301 + -10?
223310231
In base 12, what is 72 + -240?
-18a
In base 12, what is 57102 - -28?
5712a
In base 5, what is -211443 + 12?
-211431
In base 16, what is -2c46 + -b4?
-2cfa
In base 8, what is 40147 + -12?
40135
In base 6, what is 5 + 124023?
124032
In base 6, what is 40500 - 45?
40411
In base 16, what is -5 + 18cc?
18c7
In base 11, what is -1927a1 - -2?
-19279a
In base 11, what is -3048 - -125?
-2a23
In base 6, what is -3 + -143112?
-143115
In base 7, what is 430 - -40203?
40633
In base 3, what is -120222020 + -10?
-120222100
In base 7, what is 2 - 3210624?
-3210622
In base 14, what is 90 + -a40?
-990
In base 13, what is -5c6 + -411?
-a07
In base 15, what is -4cb9 - c7?
-4d91
In base 7, what is 2322 + 11413?
14035
In base 7, what is -23 + -43?
-66
In base 3, what is -112 + -1100012?
-1100201
In base 5, what is -341 + -2231?
-3122
In base 7, what is -14366 - 54?
-14453
In base 4, what is 10301 + -30033?
-13132
In base 7, what is 0 - 14455?
-14455
In base 15, what is -5 - -40c5?
40c0
In base 8, what is 73 - -40?
133
In base 12, what is 5b2 - 3?
5ab
In base 10, what is 110 + 20627?
20737
In base 3, what is -122001 - -2001110?
1102102
In base 3, what is 102 + -1110012002?
-1110011200
In base 16, what is 10c29d - 4?
10c299
In base 4, what is -31001 + 3303?
-21032
In base 7, what is -44 + -123621?
-123665
In base 6, what is 21514 + 143?
22101
In base 11, what is -a - -103a25?
103a16
In base 16, what is 923e + 1?
923f
In base 9, what is 100 - 14035?
-13835
In base 6, what is 212224 + -103?
212121
In base 6, what is -1335522 - -3?
-1335515
In base 13, what is 529b + -a?
5291
In base 10, what is 1190 - -15?
1205
In base 6, what is 10 + 22120455?
22120505
In base 12, what is 29 + -13b?
-112
In base 9, what is -3467 + -63?
-3541
In base 16, what is 8 - 302c9?
-302c1
In base 12, what is -35289 - 2?
-3528b
In base 4, what is 222132033 - -3?
222132102
In base 13, what is -10730 - -14?
-10719
In base 15, what is c209 - -a?
c214
In base 8, what is -13652 - 21?
-13673
In base 4, what is 20 + -1133233001?
-1133232321
In base 2, what is 101 + -1101101110111110?
-1101101110111001
In base 3, what is 1020110 - -11010?
1101120
In base 5, what is 1422423 - -3?
1422431
In base 8, what is -3141 + -2564?
-5725
In base 8, what is -261 + 65772?
65511
In base 14, what is 3234d + -4?
32349
In base 16, what is -2 - -12ed?
12eb
In base 12, what is -46a - -1099?
82b
In base 5, what is 104 + -10021?
-4412
In base 7, what is 611200 - -10?
611210
In base 11, what is -70a490 + 5?
-70a486
In base 4, what is -12320 - 2210?
-21130
In base 4, what is 3 + 221330?
221333
In base 14, what is -1 - 11719?
-1171a
In base 8, what is -1 - -1232503?
1232502
In base 12, what is -1 - 9a17?
-9a18
In base 7, what is -120 - 145?
-265
In base 7, what is -351150 + -42?
-351222
In base 5, what is -3 - 4313340?
-4313343
In base 9, what is 62 + -51678?
-51616
In base 15, what is 3a + 39b9?
3a04
In base 15, what is 93ae4 + 5?
93ae9
In base 10, what is 12570 + -14?
12556
In base 6, what is 3 + -3020110?
-3020103
In base 16, what is -3 - b1304?
-b1307
In base 11, what is -2 + 28624?
28622
In base 8, what is 12 + -21016?
-21004
In base 8, what is 4 + 3634?
3640
In base 3, what is -112000 - 1111?
-120111
In base 7, what is -14 + 4416?
4402
In base 6, what is -14401 - -103?
-14254
In base 6, what is 12423202 - -3?
12423205
In base 13, what is 2 + -35336a?
-353368
In base 10, what is -9 - -6310?
6301
In base 11, what is -1235 - -547?
-799
In base 4, what is -11 + -102210111?
-102210122
In base 3, what is 1212 + -1110011?
-1101022
In base 4, what is -2 + -30011231?
-30011233
In base 4, what is -3103131222 - -3?
-3103131213
In base 15, what is 10630 - 3?
1062c
In base 16, what is -3c + -9e6b?
-9ea7
In base 12, what is -7 + -33078?
-33083
In base 6, what is -5253 - 45?
-5342
In base 13, what is 5 + -164a26?
-164a21
In base 10, what is -14895 + -5?
-14900
In base 7, what is 44 + -30256?
-30212
In base 9, what is -43102 - -4?
-43087
In base 9, what is 8 + -70833?
-70824
In base 3, what is -1200122020011 + -11?
-1200122020022
In base 3, what is -2010 - 20211?
-22221
In base 7, what is 46 - 124?
-45
In base 11, what is -10812 + -4?
-10816
In base 2, what is -1110110 - 1000010?
-10111000
In base 4, what is 23 - 10133033?
-10133010
In base 7, what is 146056 - 2?
146054
In base 11, what is 4 + -261675?
-261671
In base 16, what is -5 + -c3ea?
-c3ef
In base 16, what is -100 - 189?
-289
In base 7, what is 15303 + -160?
15113
In base 11, what is 29 - -34257?
34285
In base 2, what is -100 + -10101011100110?
-10101011101010
In base 8, what is 5 - 142?
-135
In base 12, what is -6935 - -1b?
-6916
In base 14, what is 15697 + 0?
15697
In base 7, what is -5 + 46431?
46423
In base 10, what is -5 - -202313?
202308
In base 3, what is 22 + 11200121?
11200220
In base 7, what is -113 - -65265?
65152
In base 6, what is -1300253 - -4?
-1300245
In base 12, what is 4111 - -52?
4163
In base 10, what is -4 + 12269?
12265
In base 10, what is -7368 - 126?
-7494
In base 3, what is -201110002 + 1011?
-201101221
In base 13, what is -2 - 22298?
-2229a
In base 7, what is 4 + 3500166?
3500203
In base 6, what is -3350503 - 4?
-3350511
In base 9, what is -710468 - -6?
-710462
In base 9, what is -22 + 5000?
4867
In base 4, what is 10 + 2113203?
2113213
In base 7, what is 14350 - 12?
14335
In base 4, what is -13311 + -112?
-20023
In base 8, what is 255771 - 12?
255757
In base 13, what is 31 - 86b?
-83a
In base 16, what is -5ac5 + 5?
-5ac0
In base 11, what is 58 - 90a?
-862
In base 12, what is -93075 - -14?
-93061
In base 7, what is -214 + 412?
165
In base 14, what is 3 - -5da77?
5da7a
In base 7, what is -6 + -1605006?
-1605015
In base 11, what is 69 - 21197?
-21129
In base 9, what is -16773 - -10?
-16763
In base 10, what is 64189 + 16?
64205
In base 8, what is -2100502 - 0?
-2100502
In base 15, what is -3 - c6927?
-c692a
In base 6, what is -1321 + 42041?
40320
In base 13, what is -23a + -15ba?
-1827
In base 2, what is -10010110011100010 - 11?
-10010110011100101
In base 15, what is -2ce6 - 3?
-2ce9
In base 16, what is 4bc8 + -20?
4ba8
In base 6, what is -5 - -1002?
553
In base 10, what is 2 + -6246?
-6244
In base 2, what is 110001110000010000010110 + -100?
110001110000010000010010
In base 3, what is 1 + -1100100102?
-1100100101
In base 4, what is -32 + 120100?
120002
In base 12, what is 4 + 11?
15
In base 12, what is -3 - -16a3a2?
16a39b
In base 9, what is 1 - 43284?
-43283
In base 14, what is -a9898 + 0?
-a9898
In base 15, what is -5 - 2cbc5?
-2cbca
In base 12, what is -a + -39b8?
-3a06
In base 7, what is 454 + -40125?
-36341
In base 8, what is 0 + 1546716?
1546716
In base 7, what is 5 - -1016610?
1016615
In base 5, what is -10112 - 2133?
-12300
In base 13, what is -28 + 1292?
1267
In base 11, what is 2 - 2a021?
-2a01a
In base 11, what is 49 + -23295?
-23247
In base 12, what is 5aa084 + 2?
5aa086
In base 6, what is 1 + -103255?
-103254
In base 6, what is -5 + -1453150?
-1453155
In base 5, what is -4100413212 + -3?
-4100413220
In base 5, what is -1310303 + 1104?
-1304144
In base 3, what is -211101121002 - -10?
-211101120222
In base 11, what is -17959 + 2?
-17957
In base 11, what is 2 - 29375?
-29373
In base 15, what is 2 + -6685?
-6683
In base 12, what is -3 + -43266?
-43269
In base 11, what is -88 + -171?
-249
In base 12, what is 2 + -110781?
-11077b
In base 10, what is 14632 - 0?
14632
In base 9, what is 1 - -404276?
404277
In base 12, what is -aa563a - 2?
-aa5640
In base 4, what is -1002 + -3001?
-10003
In base 2, what is 1101001 - -1110011100?
10000000101
In base 13, what is -5 + -18285?
-1828a
In base 8, what is 341 + -25?
314
In base 6, what is -31 - 120251?
-120322
In base 5, what is 1 - -13010311?
13010312
In base 5, what is -3401 - -10423?
2022
In base 16, what is 0 - -4602?
4602
In base 7, what is -2 + -44150?
-44152
In base 9, what is 776 - -8?
785
In base 5, what is -223412 + -41?
-224003
In base 14, what is d9c3 - -2?
d9c5
In base 8, what is 6 - -72274?
72302
In base 9, what is -12548 - 0?
-12548
In base 3, what is 21111110010 - 12?
21111102221
In base 13, wh